{"id":92,"date":"2023-01-03T23:08:32","date_gmt":"2023-01-04T05:08:32","guid":{"rendered":"https:\/\/amorsinfronterasac.org\/?page_id=92"},"modified":"2023-02-14T09:35:45","modified_gmt":"2023-02-14T15:35:45","slug":"contactanos","status":"publish","type":"page","link":"https:\/\/amorsinfronterasac.org\/","title":{"rendered":"Cont\u00e1ctanos"},"content":{"rendered":"\n<h2 class=\"wp-block-heading\">Direcci\u00f3n:<\/h2>\n\n\n\n<p>Calle R\u00edo Suchiate, Col. 31 de marzo, CP. 29229, San Crist\u00f3bal de las Casas, Chiapas.<\/p>\n\n\n\n<h2 class=\"wp-block-heading\">Horario de atenci\u00f3n:<\/h2>\n\n\n\n<p>Lunes y jueves<\/p>\n\n\n\n<ul class=\"wp-block-list\">\n<li>10:00 am a 13:30 pm<\/li>\n\n\n\n<li>16:00 pm a 18:30 pm<\/li>\n<\/ul>\n\n\n\n<p>Previa cita al Tel\u00e9fono: <a href=\"https:\/\/wa.me\/9671189768?text=solicito%20una%20cita\" target=\"_blank\" rel=\"noreferrer noopener\">+52 967-118-9768<\/a><\/p>\n\n\n\n<p>Correo: <a href=\"mailto:amorsinfronterasac@gmail.com\">amorsinfronterasac@gmail.com<\/a>&nbsp;<\/p>\n\n\n\n<h2 class=\"wp-block-heading\">Formulario de contacto:<\/h2>\n\n\n<div class=\"wpforms-container wpforms-container-full wpforms-block\" id=\"wpforms-142\"><form id=\"wpforms-form-142\" class=\"wpforms-validate wpforms-form wpforms-ajax-form\" data-formid=\"142\" method=\"post\" enctype=\"multipart\/form-data\" action=\"\/index.php?rest_route=%2Fwp%2Fv2%2Fpages%2F92\" data-token=\"093931913db95482a16c47136d8e0e39\" data-token-time=\"1777004534\"><noscript class=\"wpforms-error-noscript\">Por favor, activa JavaScript en tu navegador para completar este formulario.<\/noscript><div class=\"wpforms-field-container\"><div id=\"wpforms-142-field_0-container\" class=\"wpforms-field wpforms-field-name\" data-field-id=\"0\"><label class=\"wpforms-field-label\" for=\"wpforms-142-field_0\">Nombre <span class=\"wpforms-required-label\">*<\/span><\/label><input type=\"text\" id=\"wpforms-142-field_0\" class=\"wpforms-field-medium wpforms-field-required\" name=\"wpforms[fields][0]\" required><div class=\"wpforms-field-description\">Escribe tu nombre<\/div><\/div><div id=\"wpforms-142-field_1-container\" class=\"wpforms-field wpforms-field-email\" data-field-id=\"1\"><label class=\"wpforms-field-label\" for=\"wpforms-142-field_1\">Correo electr\u00f3nico <span class=\"wpforms-required-label\">*<\/span><\/label><input type=\"email\" id=\"wpforms-142-field_1\" class=\"wpforms-field-medium wpforms-field-required\" name=\"wpforms[fields][1]\" spellcheck=\"false\" required><div class=\"wpforms-field-description\">Escribe tu correo electr\u00f3nico<\/div><\/div><div id=\"wpforms-142-field_2-container\" class=\"wpforms-field wpforms-field-textarea\" data-field-id=\"2\"><label class=\"wpforms-field-label\" for=\"wpforms-142-field_2\">Comentario o mensaje<\/label><textarea id=\"wpforms-142-field_2\" class=\"wpforms-field-medium\" name=\"wpforms[fields][2]\" ><\/textarea><div class=\"wpforms-field-description\">D\u00e9janos un comentario<\/div><\/div><\/div><!-- .wpforms-field-container --><div class=\"wpforms-submit-container\" ><input type=\"hidden\" name=\"wpforms[id]\" value=\"142\"><input type=\"hidden\" name=\"page_title\" value=\"\"><input type=\"hidden\" name=\"page_url\" value=\"https:\/\/amorsinfronterasac.org\/index.php?rest_route=%2Fwp%2Fv2%2Fpages%2F92\"><button type=\"submit\" name=\"wpforms[submit]\" id=\"wpforms-submit-142\" class=\"wpforms-submit\" data-alt-text=\"Enviando...\" data-submit-text=\"Enviar\" aria-live=\"assertive\" value=\"wpforms-submit\">Enviar<\/button><img loading=\"lazy\" decoding=\"async\" src=\"https:\/\/amorsinfronterasac.org\/wp-content\/plugins\/wpforms-lite\/assets\/images\/submit-spin.svg\" class=\"wpforms-submit-spinner\" style=\"display: none;\" width=\"26\" height=\"26\" alt=\"Cargando\"><\/div><\/form><\/div>  <!-- .wpforms-container -->","protected":false},"excerpt":{"rendered":"<p>Direcci\u00f3n: Calle R\u00edo Suchiate, Col. 31 de marzo, CP. 29229, San Crist\u00f3bal de las Casas, Chiapas. Horario de atenci\u00f3n: Lunes y jueves Previa cita al &hellip;<\/p>\n","protected":false},"author":1,"featured_media":0,"parent":0,"menu_order":0,"comment_status":"closed","ping_status":"closed","template":"","meta":{"footnotes":""},"class_list":["post-92","page","type-page","status-publish","hentry"],"_links":{"self":[{"href":"https:\/\/amorsinfronterasac.org\/index.php?rest_route=\/wp\/v2\/pages\/92","targetHints":{"allow":["GET"]}}],"collection":[{"href":"https:\/\/amorsinfronterasac.org\/index.php?rest_route=\/wp\/v2\/pages"}],"about":[{"href":"https:\/\/amorsinfronterasac.org\/index.php?rest_route=\/wp\/v2\/types\/page"}],"author":[{"embeddable":true,"href":"https:\/\/amorsinfronterasac.org\/index.php?rest_route=\/wp\/v2\/users\/1"}],"replies":[{"embeddable":true,"href":"https:\/\/amorsinfronterasac.org\/index.php?rest_route=%2Fwp%2Fv2%2Fcomments&post=92"}],"version-history":[{"count":9,"href":"https:\/\/amorsinfronterasac.org\/index.php?rest_route=\/wp\/v2\/pages\/92\/revisions"}],"predecessor-version":[{"id":235,"href":"https:\/\/amorsinfronterasac.org\/index.php?rest_route=\/wp\/v2\/pages\/92\/revisions\/235"}],"wp:attachment":[{"href":"https:\/\/amorsinfronterasac.org\/index.php?rest_route=%2Fwp%2Fv2%2Fmedia&parent=92"}],"curies":[{"name":"wp","href":"https:\/\/api.w.org\/{rel}","templated":true}]}}