{"id":78,"date":"2023-01-03T22:27:21","date_gmt":"2023-01-04T04:27:21","guid":{"rendered":"https:\/\/amorsinfronterasac.org\/?page_id=78"},"modified":"2023-02-14T09:31:28","modified_gmt":"2023-02-14T15:31:28","slug":"programa-facebook","status":"publish","type":"page","link":"https:\/\/amorsinfronterasac.org\/?page_id=78","title":{"rendered":"Programa Facebook"},"content":{"rendered":"\n<h2 class=\"wp-block-heading\">Programa de Facebook<\/h2>\n\n\n\n<p>El <strong>Programa Discapacidad sin Fronteras<\/strong> busca la sensibilizaci\u00f3n, la reflexi\u00f3n y la visibilizaci\u00f3n de los Derechos Humanos de las Personas en Situaci\u00f3n de Discapacidad a partir del an\u00e1lisis de especialistas, familiares y de personas en condici\u00f3n de discapacidad para generar una conciencia hacia la convivencia social entre personas con y sin discapacidad. <\/p>\n\n\n\n<p>Todos los lunes de 8:30 a 9:30 pm. (Hora del centro de M\u00e9xico).<\/p>\n\n\n\n<p>Enlace: <a href=\"https:\/\/www.facebook.com\/DiscapacidadSinFronteraz\" target=\"_blank\" rel=\"noreferrer noopener\">https:\/\/www.facebook.com\/DiscapacidadSinFronteraz<\/a><\/p>\n","protected":false},"excerpt":{"rendered":"<p>Programa de Facebook El Programa Discapacidad sin Fronteras busca la sensibilizaci\u00f3n, la reflexi\u00f3n y la visibilizaci\u00f3n de los Derechos Humanos de las Personas en Situaci\u00f3n &hellip;<\/p>\n","protected":false},"author":1,"featured_media":0,"parent":0,"menu_order":0,"comment_status":"closed","ping_status":"closed","template":"","meta":{"footnotes":""},"class_list":["post-78","page","type-page","status-publish","hentry"],"_links":{"self":[{"href":"https:\/\/amorsinfronterasac.org\/index.php?rest_route=\/wp\/v2\/pages\/78","targetHints":{"allow":["GET"]}}],"collection":[{"href":"https:\/\/amorsinfronterasac.org\/index.php?rest_route=\/wp\/v2\/pages"}],"about":[{"href":"https:\/\/amorsinfronterasac.org\/index.php?rest_route=\/wp\/v2\/types\/page"}],"author":[{"embeddable":true,"href":"https:\/\/amorsinfronterasac.org\/index.php?rest_route=\/wp\/v2\/users\/1"}],"replies":[{"embeddable":true,"href":"https:\/\/amorsinfronterasac.org\/index.php?rest_route=%2Fwp%2Fv2%2Fcomments&post=78"}],"version-history":[{"count":2,"href":"https:\/\/amorsinfronterasac.org\/index.php?rest_route=\/wp\/v2\/pages\/78\/revisions"}],"predecessor-version":[{"id":163,"href":"https:\/\/amorsinfronterasac.org\/index.php?rest_route=\/wp\/v2\/pages\/78\/revisions\/163"}],"wp:attachment":[{"href":"https:\/\/amorsinfronterasac.org\/index.php?rest_route=%2Fwp%2Fv2%2Fmedia&parent=78"}],"curies":[{"name":"wp","href":"https:\/\/api.w.org\/{rel}","templated":true}]}}

<h2 class="wp-block-heading">Programa de Facebook</h2>



<p>El <strong>Programa Discapacidad sin Fronteras</strong> busca la sensibilización, la reflexión y la visibilización de los Derechos Humanos de las Personas en Situación de Discapacidad a partir del análisis de especialistas, familiares y de personas en condición de discapacidad para generar una conciencia hacia la convivencia social entre personas con y sin discapacidad. </p>



<p>Todos los lunes de 8:30 a 9:30 pm. (Hora del centro de México).</p>



<p>Enlace: <a href="https://www.facebook.com/DiscapacidadSinFronteraz" target="_blank" rel="noreferrer noopener">https://www.facebook.com/DiscapacidadSinFronteraz</a></p>

<p>Programa de Facebook El Programa Discapacidad sin Fronteras busca la sensibilización, la reflexión y la visibilización de los Derechos Humanos de las Personas en Situación &hellip;</p>
