{"id":33,"date":"2022-12-30T14:32:08","date_gmt":"2022-12-30T20:32:08","guid":{"rendered":"https:\/\/amorsinfronterasac.org\/?page_id=33"},"modified":"2023-02-14T09:32:55","modified_gmt":"2023-02-14T15:32:55","slug":"vision","status":"publish","type":"page","link":"https:\/\/amorsinfronterasac.org\/?page_id=33","title":{"rendered":"Visi\u00f3n"},"content":{"rendered":"\n<h2 class=\"wp-block-heading\">Visi\u00f3n<\/h2>\n\n\n\n<p class=\"has-normal-font-size\">Trabajamos bajo una perspectiva en rehabilitaci\u00f3n comunitaria para involucrar a los diferentes organismos y actores sociales, bajo una comprensi\u00f3n y respeto hacia los contextos sociales, personales y de aprendizaje y contribuir a la construcci\u00f3n de una sociedad m\u00e1s amigable hacia las personas en condici\u00f3n de discapacidad, priorizando a las personas con discapacidad visual a partir de un modelo integral de intervenci\u00f3n.<\/p>\n","protected":false},"excerpt":{"rendered":"<p>Visi\u00f3n Trabajamos bajo una perspectiva en rehabilitaci\u00f3n comunitaria para involucrar a los diferentes organismos y actores sociales, bajo una comprensi\u00f3n y respeto hacia los contextos &hellip;<\/p>\n","protected":false},"author":1,"featured_media":0,"parent":0,"menu_order":0,"comment_status":"closed","ping_status":"closed","template":"","meta":{"footnotes":""},"class_list":["post-33","page","type-page","status-publish","hentry"],"_links":{"self":[{"href":"https:\/\/amorsinfronterasac.org\/index.php?rest_route=\/wp\/v2\/pages\/33","targetHints":{"allow":["GET"]}}],"collection":[{"href":"https:\/\/amorsinfronterasac.org\/index.php?rest_route=\/wp\/v2\/pages"}],"about":[{"href":"https:\/\/amorsinfronterasac.org\/index.php?rest_route=\/wp\/v2\/types\/page"}],"author":[{"embeddable":true,"href":"https:\/\/amorsinfronterasac.org\/index.php?rest_route=\/wp\/v2\/users\/1"}],"replies":[{"embeddable":true,"href":"https:\/\/amorsinfronterasac.org\/index.php?rest_route=%2Fwp%2Fv2%2Fcomments&post=33"}],"version-history":[{"count":4,"href":"https:\/\/amorsinfronterasac.org\/index.php?rest_route=\/wp\/v2\/pages\/33\/revisions"}],"predecessor-version":[{"id":166,"href":"https:\/\/amorsinfronterasac.org\/index.php?rest_route=\/wp\/v2\/pages\/33\/revisions\/166"}],"wp:attachment":[{"href":"https:\/\/amorsinfronterasac.org\/index.php?rest_route=%2Fwp%2Fv2%2Fmedia&parent=33"}],"curies":[{"name":"wp","href":"https:\/\/api.w.org\/{rel}","templated":true}]}}

Visión

<h2 class="wp-block-heading">Visión</h2>



<p class="has-normal-font-size">Trabajamos bajo una perspectiva en rehabilitación comunitaria para involucrar a los diferentes organismos y actores sociales, bajo una comprensión y respeto hacia los contextos sociales, personales y de aprendizaje y contribuir a la construcción de una sociedad más amigable hacia las personas en condición de discapacidad, priorizando a las personas con discapacidad visual a partir de un modelo integral de intervención.</p>

<p>Visión Trabajamos bajo una perspectiva en rehabilitación comunitaria para involucrar a los diferentes organismos y actores sociales, bajo una comprensión y respeto hacia los contextos &hellip;</p>
