{"id":22,"date":"2022-12-30T14:02:11","date_gmt":"2022-12-30T20:02:11","guid":{"rendered":"https:\/\/amorsinfronterasac.org\/?page_id=22"},"modified":"2025-01-19T23:13:22","modified_gmt":"2025-01-20T05:13:22","slug":"quienes-somos","status":"publish","type":"page","link":"https:\/\/amorsinfronterasac.org\/?page_id=22","title":{"rendered":"\u00bfQui\u00e9nes somos?"},"content":{"rendered":"\r\n<h2 class=\"wp-block-heading\">Qui\u00e9nes somos<\/h2>\r\n\r\n\r\n\r\n<p class=\"has-normal-font-size\">Somos una organizaci\u00f3n que busca sostenerse a trav\u00e9s de diversas acciones, sin fines partidistas y sobre todo con la convicci\u00f3n de desafiar la mirada que se tiene a\u00fan de la discapacidad con el \u00fanico objetivo de generar cambios favorables hacia la poblaci\u00f3n con discapacidad dentro y fuera del Estado de Chiapas.<\/p>\r\n\r\n\r\n\r\n<p class=\"has-normal-font-size\">A partir de la necesidad de trabajar por, para, con y hacia las personas en situaci\u00f3n de vulnerabilidad y en particular de la poblaci\u00f3n en situaci\u00f3n de discapacidad operamos desde el 2008, constituy\u00e9ndonos el 13 de mayo de 2016, como Amor Sin Fronteras A.C; en la ciudad de San Crist\u00f3bal de las Casas, mediante actividades de sensibilizaci\u00f3n, rehabilitaci\u00f3n integral, conferencias y capacitaciones hacia la poblaci\u00f3n con y sin discapacidad y especialmente hacia la poblaci\u00f3n con discapacidad visual. Y bajo la premisa de que \u201cno se puede hablar de una rehabilitaci\u00f3n individual sino existe una rehabilitaci\u00f3n social\u201d se adopta un modelo de Rehabilitaci\u00f3n Basado en la Comunidad, generando para ello acciones e iniciativas que incluya a las personas en condici\u00f3n de discapacidad en todas las esferas sociales.<\/p>\r\n\r\n\r\n\r\n<p class=\"has-normal-font-size\">Nos enfocamos a promover e impulsar la participaci\u00f3n social de la poblaci\u00f3n en situaci\u00f3n de discapacidad, en particular de las personas con discapacidad visual, desde una perspectiva en Genero, Derechos Humanos y una postura cr\u00edtica hacia la discapacidad para propiciar su reivindicaci\u00f3n, bajo un enfoque transversal e interseccional a partir de acciones que buscan reducir las ideolog\u00edas y pr\u00e1cticas capacitistas.<\/p>\r\n","protected":false},"excerpt":{"rendered":"<p>Qui\u00e9nes somos Somos una organizaci\u00f3n que busca sostenerse a trav\u00e9s de diversas acciones, sin fines partidistas y sobre todo con la convicci\u00f3n de desafiar la &hellip;<\/p>\n","protected":false},"author":1,"featured_media":0,"parent":0,"menu_order":0,"comment_status":"closed","ping_status":"closed","template":"","meta":{"footnotes":""},"class_list":["post-22","page","type-page","status-publish","hentry"],"_links":{"self":[{"href":"https:\/\/amorsinfronterasac.org\/index.php?rest_route=\/wp\/v2\/pages\/22","targetHints":{"allow":["GET"]}}],"collection":[{"href":"https:\/\/amorsinfronterasac.org\/index.php?rest_route=\/wp\/v2\/pages"}],"about":[{"href":"https:\/\/amorsinfronterasac.org\/index.php?rest_route=\/wp\/v2\/types\/page"}],"author":[{"embeddable":true,"href":"https:\/\/amorsinfronterasac.org\/index.php?rest_route=\/wp\/v2\/users\/1"}],"replies":[{"embeddable":true,"href":"https:\/\/amorsinfronterasac.org\/index.php?rest_route=%2Fwp%2Fv2%2Fcomments&post=22"}],"version-history":[{"count":6,"href":"https:\/\/amorsinfronterasac.org\/index.php?rest_route=\/wp\/v2\/pages\/22\/revisions"}],"predecessor-version":[{"id":164,"href":"https:\/\/amorsinfronterasac.org\/index.php?rest_route=\/wp\/v2\/pages\/22\/revisions\/164"}],"wp:attachment":[{"href":"https:\/\/amorsinfronterasac.org\/index.php?rest_route=%2Fwp%2Fv2%2Fmedia&parent=22"}],"curies":[{"name":"wp","href":"https:\/\/api.w.org\/{rel}","templated":true}]}}

¿Quiénes somos?

<h2 class="wp-block-heading">Quiénes somos</h2>



<p class="has-normal-font-size">Somos una organización que busca sostenerse a través de diversas acciones, sin fines partidistas y sobre todo con la convicción de desafiar la mirada que se tiene aún de la discapacidad con el único objetivo de generar cambios favorables hacia la población con discapacidad dentro y fuera del Estado de Chiapas.</p>



<p class="has-normal-font-size">A partir de la necesidad de trabajar por, para, con y hacia las personas en situación de vulnerabilidad y en particular de la población en situación de discapacidad operamos desde el 2008, constituyéndonos el 13 de mayo de 2016, como Amor Sin Fronteras A.C; en la ciudad de San Cristóbal de las Casas, mediante actividades de sensibilización, rehabilitación integral, conferencias y capacitaciones hacia la población con y sin discapacidad y especialmente hacia la población con discapacidad visual. Y bajo la premisa de que “no se puede hablar de una rehabilitación individual sino existe una rehabilitación social” se adopta un modelo de Rehabilitación Basado en la Comunidad, generando para ello acciones e iniciativas que incluya a las personas en condición de discapacidad en todas las esferas sociales.</p>



<p class="has-normal-font-size">Nos enfocamos a promover e impulsar la participación social de la población en situación de discapacidad, en particular de las personas con discapacidad visual, desde una perspectiva en Genero, Derechos Humanos y una postura crítica hacia la discapacidad para propiciar su reivindicación, bajo un enfoque transversal e interseccional a partir de acciones que buscan reducir las ideologías y prácticas capacitistas.</p>

<p>Quiénes somos Somos una organización que busca sostenerse a través de diversas acciones, sin fines partidistas y sobre todo con la convicción de desafiar la &hellip;</p>
